{"id":20,"date":"2021-02-27T12:30:20","date_gmt":"2021-02-27T12:30:20","guid":{"rendered":"https:\/\/www.roederconsulting.net\/?page_id=20"},"modified":"2026-01-03T21:55:57","modified_gmt":"2026-01-03T21:55:57","slug":"about","status":"publish","type":"page","link":"https:\/\/www.roederconsulting.net\/?page_id=20","title":{"rendered":"Mein Angebot"},"content":{"rendered":"\n<div class=\"wp-block-columns is-layout-flex wp-container-core-columns-is-layout-9d6595d7 wp-block-columns-is-layout-flex\">\n<div class=\"wp-block-column is-layout-flow wp-block-column-is-layout-flow\" style=\"flex-basis:100%\">\n<div class=\"wp-block-group\"><div class=\"wp-block-group__inner-container is-layout-flow wp-block-group-is-layout-flow\">\n<div class=\"wp-block-columns is-layout-flex wp-container-core-columns-is-layout-9d6595d7 wp-block-columns-is-layout-flex\">\n<div class=\"wp-block-column is-layout-flow wp-block-column-is-layout-flow\" style=\"flex-basis:33.33%\">\n<figure class=\"wp-block-image size-large\"><img decoding=\"async\" src=\"https:\/\/www.roederconsulting.net\/wp-content\/uploads\/2021\/03\/Bewerbungsfoto_2018_09_07_2-755x1024.jpg\" alt=\"\" class=\"wp-image-27\"\/><\/figure>\n\n\n\n<p class=\"has-text-align-center\"><strong>Sandro R\u00f6der<\/strong><\/p>\n\n\n\n<div class=\"wp-block-buttons is-layout-flex wp-block-buttons-is-layout-flex\"><\/div>\n<\/div>\n\n\n\n<div class=\"wp-block-column is-layout-flow wp-block-column-is-layout-flow\" style=\"flex-basis:66.66%\">\n<h2 class=\"wp-block-heading\">Management Summary<\/h2>\n\n\n\n<p>Freiberuflicher Senior IT Business Analyst und Product Owner mit \u00fcber 10 Jahren Erfahrung in komplexen Enterprise- und Plattformprojekten. Schwerpunkt auf IT-Business-Analyse, Anforderungsmanagement und Product Ownership entlang digitaler End-to-End-Wertsch\u00f6pfungsketten. Einsatz sowohl hands-on in operativen Rollen (Business Analyse \/ Product Ownership) als auch im Consulting und Coaching von Business Analysten und Product Ownern in skalierten agilen Umfeldern.<\/p>\n\n\n\n<p>Fundierte Erfahrung in der Zusammenarbeit mit Fachbereichen, Architektur und Entwicklungsteams in internationalen und regulierten Kontexten (u. a. Automotive, Banken &amp; Versicherungen, \u00d6ffentliche Verwaltung, Luftfahrt &amp; Transport sowie digitale Plattform- und Serviceumfelder).<\/p>\n\n\n\n<p><strong>Technischer Hintergrund<\/strong><\/p>\n\n\n\n<p>Mehrj\u00e4hrige Erfahrung als Softwareentwickler und Architekt in Enterprise-Umgebungen. Fundiertes technisches Verst\u00e4ndnis von Schnittstellen, Datenmodellen, Legacy-Systemen und modernen Plattformarchitekturen als Grundlage f\u00fcr eine praxisnahe und umsetzungsnahe IT-Business-Analyse sowie belastbare Product-Ownership-Entscheidungen.<\/p>\n\n\n\n<h2 class=\"wp-block-heading\">Rollen- &amp; Fachschwerpunkte<\/h2>\n\n\n\n<ul class=\"wp-block-list\">\n<li>IT Product Ownership (operativ &amp; strategisch)<\/li>\n\n\n\n<li>IT Business Analyse (fachlich &amp; technisch)<\/li>\n\n\n\n<li>Anforderungsmanagement &amp; Stakeholder-Management<\/li>\n\n\n\n<li>Produkt- &amp; Backlog-Verantwortung in komplexen IT-Landschaften<\/li>\n\n\n\n<li>Digitale End-to-End-Wertsch\u00f6pfung &amp; Prozessdigitalisierung<\/li>\n\n\n\n<li>Consulting &amp; Coaching von Business Analysten und Product Ownern<\/li>\n<\/ul>\n\n\n\n<h2 class=\"wp-block-heading\">Methoden &amp; Frameworks<\/h2>\n\n\n\n<ul class=\"wp-block-list\">\n<li>Scrum, SAFe, Kanban<\/li>\n\n\n\n<li>Requirements Engineering<\/li>\n\n\n\n<li>User Stories, Epics, Use Cases<\/li>\n\n\n\n<li>Prozess- &amp; Datenmodellierung (BPMN, UML, FMC)<\/li>\n\n\n\n<li>Workshops, Moderation, Entscheidungs- &amp; Priorisierungsformate<\/li>\n<\/ul>\n\n\n\n<h2 class=\"wp-block-heading\">Dom\u00e4nenexpertise<\/h2>\n\n\n\n<ul class=\"wp-block-list\">\n<li>CRM &amp; Customer Loyalty<\/li>\n\n\n\n<li>Digitale Plattformen &amp; Services<\/li>\n\n\n\n<li>Data &amp; Analytics<\/li>\n\n\n\n<li>Enterprise- &amp; Integrationsarchitekturen<\/li>\n<\/ul>\n\n\n\n<h2 class=\"wp-block-heading\">Tools &amp; Technologien<\/h2>\n\n\n\n<p>Jira, Confluence, Azure DevOps, Salesforce, Camunda, Adobe Analytics, Google Analytics, SAP SD\/FI, Oracle DB, PostgreSQL, REST\/Web Services, AWS (SQS\/SNS), UML\/BPMN Tools, Java, Python, SQL\/NoSQL<\/p>\n\n\n\n<h2 class=\"wp-block-heading\">Branchenexpertise<\/h2>\n\n\n\n<p id=\"block-c67058d4-d3d5-4180-85a9-3e3e2d22378a\">Automotive \u00b7 Banken &amp; Versicherungen \u00b7 \u00d6ffentliche Verwaltung \u00b7 Luftfahrt &amp; Transport \u00b7 Digitale Medien \u00b7 Training &amp; Learning Operations<\/p>\n<\/div>\n<\/div>\n<\/div><\/div>\n<\/div>\n<\/div>\n\n\n\n<div class=\"wp-block-columns is-layout-flex wp-container-core-columns-is-layout-9d6595d7 wp-block-columns-is-layout-flex\">\n<div class=\"wp-block-column is-layout-flow wp-block-column-is-layout-flow\"><\/div>\n\n\n\n<div class=\"wp-block-column is-layout-flow wp-block-column-is-layout-flow\"><\/div>\n<\/div>\n\n\n\n<p><\/p>\n","protected":false},"excerpt":{"rendered":"<p>Sandro R\u00f6der Management Summary Freiberuflicher Senior IT Business Analyst und Product Owner mit \u00fcber 10 Jahren Erfahrung in komplexen Enterprise- und Plattformprojekten. Schwerpunkt auf IT-Business-Analyse, Anforderungsmanagement und Product Ownership entlang digitaler End-to-End-Wertsch\u00f6pfungsketten. Einsatz sowohl hands-on in operativen Rollen (Business Analyse \/ Product Ownership) als auch im Consulting und Coaching von Business Analysten und Product Ownern<\/p><\/div>\n<div class=\"blog-btn\"><a href=\"https:\/\/www.roederconsulting.net\/?page_id=20\" class=\"home-blog-btn\">Read More<\/a><\/p>\n","protected":false},"author":1,"featured_media":0,"parent":0,"menu_order":1,"comment_status":"closed","ping_status":"closed","template":"template\/template-page-full-width.php","meta":{"inline_featured_image":false,"footnotes":""},"class_list":["post-20","page","type-page","status-publish","hentry"],"_links":{"self":[{"href":"https:\/\/www.roederconsulting.net\/index.php?rest_route=\/wp\/v2\/pages\/20","targetHints":{"allow":["GET"]}}],"collection":[{"href":"https:\/\/www.roederconsulting.net\/index.php?rest_route=\/wp\/v2\/pages"}],"about":[{"href":"https:\/\/www.roederconsulting.net\/index.php?rest_route=\/wp\/v2\/types\/page"}],"author":[{"embeddable":true,"href":"https:\/\/www.roederconsulting.net\/index.php?rest_route=\/wp\/v2\/users\/1"}],"replies":[{"embeddable":true,"href":"https:\/\/www.roederconsulting.net\/index.php?rest_route=%2Fwp%2Fv2%2Fcomments&post=20"}],"version-history":[{"count":42,"href":"https:\/\/www.roederconsulting.net\/index.php?rest_route=\/wp\/v2\/pages\/20\/revisions"}],"predecessor-version":[{"id":858,"href":"https:\/\/www.roederconsulting.net\/index.php?rest_route=\/wp\/v2\/pages\/20\/revisions\/858"}],"wp:attachment":[{"href":"https:\/\/www.roederconsulting.net\/index.php?rest_route=%2Fwp%2Fv2%2Fmedia&parent=20"}],"curies":[{"name":"wp","href":"https:\/\/api.w.org\/{rel}","templated":true}]}}